{"id":328,"date":"2019-10-08T16:48:26","date_gmt":"2019-10-08T14:48:26","guid":{"rendered":"http:\/\/malkiretro.com\/inicio\/?page_id=328"},"modified":"2023-05-22T20:37:40","modified_gmt":"2023-05-22T18:37:40","slug":"politica-de-cookies","status":"publish","type":"page","link":"https:\/\/malkiretro.com\/inicio\/politica-de-cookies\/","title":{"rendered":"Pol\u00edtica de Privacidad"},"content":{"rendered":"\t\t<div data-elementor-type=\"wp-page\" data-elementor-id=\"328\" class=\"elementor elementor-328\">\n\t\t\t\t\t\t<section class=\"elementor-section elementor-top-section elementor-element elementor-element-661a26d1 elementor-section-boxed elementor-section-height-default elementor-section-height-default\" data-id=\"661a26d1\" data-element_type=\"section\" data-e-type=\"section\">\n\t\t\t\t\t\t<div class=\"elementor-container elementor-column-gap-default\">\n\t\t\t\t\t<div class=\"elementor-column elementor-col-100 elementor-top-column elementor-element elementor-element-1abee03d\" data-id=\"1abee03d\" data-element_type=\"column\" data-e-type=\"column\">\n\t\t\t<div class=\"elementor-widget-wrap elementor-element-populated\">\n\t\t\t\t\t\t<div class=\"elementor-element elementor-element-1c0b7e38 elementor-widget elementor-widget-text-editor\" data-id=\"1c0b7e38\" data-element_type=\"widget\" data-e-type=\"widget\" data-widget_type=\"text-editor.default\">\n\t\t\t\t<div class=\"elementor-widget-container\">\n\t\t\t\t\t\t\t\t\t<p><strong>POL\u00cdTICA DE PRIVACIDAD<\/strong><\/p>\n<p>La presente Pol\u00edtica de Privacidad establece los t\u00e9rminos en que <a href=\"https:\/\/malkiretro.com\">MALKI RETRO<\/a>\u00a0usa y protege la <br \/>informaci\u00f3n que es proporcionada por sus usuarios al momento de utilizar su sitio web. Esta <br \/>compa\u00f1\u00eda est\u00e1 comprometida con la seguridad de los datos de sus usuarios. Cuando le pedimos <br \/>llenar los campos de informaci\u00f3n personal con la cual usted pueda ser identificado, lo hacemos <br \/>asegurando que s\u00f3lo se emplear\u00e1 de acuerdo con los t\u00e9rminos de este documento. Sin embargo <br \/>esta Pol\u00edtica de Privacidad puede cambiar con el tiempo o ser actualizada por lo que le <br \/>recomendamos y enfatizamos revisar continuamente esta p\u00e1gina para asegurarse que est\u00e1 de <br \/>acuerdo con dichos cambios.<\/p>\n<p><strong><br \/>Informaci\u00f3n que es recogida<\/strong><\/p>\n<p>Nuestro sitio web podr\u00e1 recoger informaci\u00f3n personal por ejemplo: Nombre, informaci\u00f3n de <br \/>contacto como su direcci\u00f3n de correo electr\u00f3nica e informaci\u00f3n demogr\u00e1fica. As\u00ed mismo cuando <br \/>sea necesario podr\u00e1 ser requerida informaci\u00f3n espec\u00edfica para procesar alg\u00fan pedido o realizar <br \/>una entrega o facturaci\u00f3n.<\/p>\n<p><strong><br \/>Uso de la informaci\u00f3n recogida<\/strong><\/p>\n<p>Nuestro sitio web emplea la informaci\u00f3n con el fin de proporcionar el mejor servicio posible, <br \/>particularmente para mantener un registro de usuarios, de pedidos en caso que aplique, y mejorar <br \/>nuestros productos y servicios. Es posible que sean enviados correos electr\u00f3nicos <br \/>peri\u00f3dicamente a trav\u00e9s de nuestro sitio con ofertas especiales, nuevos productos y otra <br \/>informaci\u00f3n publicitaria que consideremos relevante para usted o que pueda brindarle alg\u00fan <br \/>beneficio, estos correos electr\u00f3nicos ser\u00e1n enviados a la direcci\u00f3n que usted proporcione y <br \/>podr\u00e1n ser cancelados en cualquier momento.<br \/><a href=\"https:\/\/malkiretro.com\">MALKI RETRO<\/a> est\u00e1 altamente comprometido para cumplir con el compromiso de mantener su <br \/>informaci\u00f3n segura. Usamos los sistemas m\u00e1s avanzados y los actualizamos constantemente <br \/>para asegurarnos que no exista ning\u00fan acceso no autorizado.<\/p>\n<p>\u00a0<\/p>\n<p><strong>Cookies<\/strong><\/p>\n<p>Una cookie se refiere a un fichero que es enviado con la finalidad de solicitar permiso para <br \/>almacenarse en su ordenador, al aceptar dicho fichero se crea y la cookie sirve entonces para <br \/>tener informaci\u00f3n respecto al tr\u00e1fico web, y tambi\u00e9n facilita las futuras visitas a una web <br \/>recurrente. Otra funci\u00f3n que tienen las cookies es que con ellas las web pueden reconocerte <br \/>individualmente y por tanto brindarte el mejor servicio personalizado de su web.<\/p>\n<p>Nuestro sitio web emplea las cookies para poder identificar las p\u00e1ginas que son visitadas y su <br \/>frecuencia. Esta informaci\u00f3n es empleada \u00fanicamente para an\u00e1lisis estad\u00edstico y despu\u00e9s la <br \/>informaci\u00f3n se elimina de forma permanente. Usted puede eliminar las cookies en cualquier <br \/>momento desde su ordenador. Sin embargo las cookies ayudan a proporcionar un mejor servicio <br \/>de los sitios web, est\u00e1s no dan acceso a informaci\u00f3n de su ordenador ni de usted, a menos de <br \/>que usted as\u00ed lo quiera y la proporcione directamente, visitas a una web . Usted puede aceptar o <br \/>negar el uso de cookies, sin embargo la mayor\u00eda de navegadores aceptan cookies <br \/>autom\u00e1ticamente pues sirve para tener un mejor servicio web. Tambi\u00e9n usted puede cambiar la <br \/>configuraci\u00f3n de su ordenador para declinar las cookies. Si se declinan es posible que no pueda <br \/>utilizar algunos de nuestros servicios.<\/p>\n<p>\u00a0<\/p>\n<p><strong>Enlaces a Terceros<\/strong><\/p>\n<p>Este sitio web pudiera contener en laces a otros sitios que pudieran ser de su inter\u00e9s. Una vez <br \/>que usted de clic en estos enlaces y abandone nuestra p\u00e1gina, ya no tenemos control sobre al <br \/>sitio al que es redirigido y por lo tanto no somos responsables de los t\u00e9rminos o privacidad ni de la <br \/>protecci\u00f3n de sus datos en esos otros sitios terceros. Dichos sitios est\u00e1n sujetos a sus propias <br \/>pol\u00edticas de privacidad por lo cual es recomendable que los consulte para confirmar que usted <br \/>est\u00e1 de acuerdo con estas.<\/p>\n<p>\u00a0<\/p>\n<p><strong>Control de su informaci\u00f3n personal<\/strong><\/p>\n<p>En cualquier momento usted puede restringir la recopilaci\u00f3n o el uso de la informaci\u00f3n personal <br \/>que es proporcionada a nuestro sitio web. Cada vez que se le solicite rellenar un formulario, <br \/>como el de alta de usuario, puede marcar o desmarcar la opci\u00f3n de recibir informaci\u00f3n por correo <br \/>electr\u00f3nico. En caso de que haya marcado la opci\u00f3n de recibir nuestro bolet\u00edn o publicidad usted <br \/>puede cancelarla en cualquier momento.<\/p>\n<p>\u00a0<\/p>\n<p>Esta compa\u00f1\u00eda no vender\u00e1, ceder\u00e1 ni distribuir\u00e1 la informaci\u00f3n personal que es recopilada sin su <br \/>consentimiento, salvo que sea requerido por un juez con un orden judicial.<\/p>\n<p><br \/><a href=\"https:\/\/malkiretro.com\">MALKI RETRO<\/a> se reserva el derecho de cambiar los t\u00e9rminos de la presente Pol\u00edtica de <br \/>Privacidad en cualquier momento.<\/p>\n<p>\u00a0<\/p>\t\t\t\t\t\t\t\t<\/div>\n\t\t\t\t<\/div>\n\t\t\t\t\t<\/div>\n\t\t<\/div>\n\t\t\t\t\t<\/div>\n\t\t<\/section>\n\t\t\t\t<\/div>\n\t\t","protected":false},"excerpt":{"rendered":"<p>POL\u00cdTICA DE PRIVACIDAD La presente Pol\u00edtica de Privacidad establece los t\u00e9rminos en que MALKI RETRO&nbsp;usa y protege la informaci\u00f3n que es proporcionada por sus usuarios al momento de utilizar su sitio web. Esta compa\u00f1\u00eda est\u00e1 comprometida con la seguridad de los datos de sus usuarios. Cuando le pedimos llenar los campos de informaci\u00f3n personal con [&hellip;]<\/p>\n","protected":false},"author":1,"featured_media":0,"parent":0,"menu_order":0,"comment_status":"closed","ping_status":"closed","template":"","meta":{"site-sidebar-layout":"default","site-content-layout":"","ast-site-content-layout":"default","site-content-style":"default","site-sidebar-style":"default","ast-global-header-display":"","ast-banner-title-visibility":"","ast-main-header-display":"","ast-hfb-above-header-display":"","ast-hfb-below-header-display":"","ast-hfb-mobile-header-display":"","site-post-title":"disabled","ast-breadcrumbs-content":"","ast-featured-img":"","footer-sml-layout":"","ast-disable-related-posts":"","theme-transparent-header-meta":"","adv-header-id-meta":"","stick-header-meta":"","header-above-stick-meta":"","header-main-stick-meta":"","header-below-stick-meta":"","astra-migrate-meta-layouts":"default","ast-page-background-enabled":"default","ast-page-background-meta":{"desktop":{"background-color":"var(--ast-global-color-4)","background-image":"","background-repeat":"repeat","background-position":"center center","background-size":"auto","background-attachment":"scroll","background-type":"","background-media":"","overlay-type":"","overlay-color":"","overlay-opacity":"","overlay-gradient":""},"tablet":{"background-color":"","background-image":"","background-repeat":"repeat","background-position":"center center","background-size":"auto","background-attachment":"scroll","background-type":"","background-media":"","overlay-type":"","overlay-color":"","overlay-opacity":"","overlay-gradient":""},"mobile":{"background-color":"","background-image":"","background-repeat":"repeat","background-position":"center center","background-size":"auto","background-attachment":"scroll","background-type":"","background-media":"","overlay-type":"","overlay-color":"","overlay-opacity":"","overlay-gradient":""}},"ast-content-background-meta":{"desktop":{"background-color":"var(--ast-global-color-5)","background-image":"","background-repeat":"repeat","background-position":"center center","background-size":"auto","background-attachment":"scroll","background-type":"","background-media":"","overlay-type":"","overlay-color":"","overlay-opacity":"","overlay-gradient":""},"tablet":{"background-color":"var(--ast-global-color-5)","background-image":"","background-repeat":"repeat","background-position":"center center","background-size":"auto","background-attachment":"scroll","background-type":"","background-media":"","overlay-type":"","overlay-color":"","overlay-opacity":"","overlay-gradient":""},"mobile":{"background-color":"var(--ast-global-color-5)","background-image":"","background-repeat":"repeat","background-position":"center center","background-size":"auto","background-attachment":"scroll","background-type":"","background-media":"","overlay-type":"","overlay-color":"","overlay-opacity":"","overlay-gradient":""}},"footnotes":""},"class_list":["post-328","page","type-page","status-publish","hentry"],"_links":{"self":[{"href":"https:\/\/malkiretro.com\/inicio\/wp-json\/wp\/v2\/pages\/328","targetHints":{"allow":["GET"]}}],"collection":[{"href":"https:\/\/malkiretro.com\/inicio\/wp-json\/wp\/v2\/pages"}],"about":[{"href":"https:\/\/malkiretro.com\/inicio\/wp-json\/wp\/v2\/types\/page"}],"author":[{"embeddable":true,"href":"https:\/\/malkiretro.com\/inicio\/wp-json\/wp\/v2\/users\/1"}],"replies":[{"embeddable":true,"href":"https:\/\/malkiretro.com\/inicio\/wp-json\/wp\/v2\/comments?post=328"}],"version-history":[{"count":5,"href":"https:\/\/malkiretro.com\/inicio\/wp-json\/wp\/v2\/pages\/328\/revisions"}],"predecessor-version":[{"id":553,"href":"https:\/\/malkiretro.com\/inicio\/wp-json\/wp\/v2\/pages\/328\/revisions\/553"}],"wp:attachment":[{"href":"https:\/\/malkiretro.com\/inicio\/wp-json\/wp\/v2\/media?parent=328"}],"curies":[{"name":"wp","href":"https:\/\/api.w.org\/{rel}","templated":true}]}}